{"id":40919,"date":"2026-03-16T13:51:48","date_gmt":"2026-03-16T11:51:48","guid":{"rendered":"https:\/\/livres-alie.fr\/Boutique\/produit\/ce-qui-nous-lie\/"},"modified":"2026-03-30T12:17:28","modified_gmt":"2026-03-30T10:17:28","slug":"ce-qui-nous-lie","status":"publish","type":"product","link":"https:\/\/livres-alie.fr\/Boutique\/produit\/ce-qui-nous-lie\/","title":{"rendered":"CE QUI NOUS LIE."},"content":{"rendered":"<p>Charles, jeune cavalier promis \u00e0 un brillant avenir, ne vit que pour l\u2019\u00e9quitation. Ambitieux, obstin\u00e9, il voit dans le stage d\u2019\u00e9t\u00e9 de la F\u00e9d\u00e9ration l\u2019occasion r\u00eav\u00e9e de se d\u00e9passer.<\/p>\n<p>Victor, ancien prodige bris\u00e9 par un accident, s\u2019y pr\u00e9sente comme coach. Sa r\u00e9putation de tyran le pr\u00e9c\u00e8de, tout comme son charisme sombre et insaisissable.<\/p>\n<p>Entre d\u00e9fi, admiration et provocation, leur relation devient vite un duel aussi dangereux qu\u2019irr\u00e9sistible.<\/p>\n<p>Et quand la haine se mue en d\u00e9sir, une seule question demeure : jusqu\u2019o\u00f9 sont-ils pr\u00eats \u00e0 aller, quitte \u00e0 tout risquer ?<\/p>\n\n    <div class=\"xs_social_share_widget xs_share_url after_content \t\tmain_content  wslu-style-1 wslu-share-box-shaped wslu-fill-colored wslu-none wslu-share-horizontal wslu-theme-font-no wslu-main_content\">\n\n\t\t\n        <ul>\n\t\t\t        <\/ul>\n    <\/div> \n","protected":false},"excerpt":{"rendered":"<p>Charles, jeune cavalier promis \u00e0 un brillant avenir, ne vit que pour l\u2019\u00e9quitation. Ambitieux, obstin\u00e9, il voit dans le stage d\u2019\u00e9t\u00e9 de la F\u00e9d\u00e9ration l\u2019occasion r\u00eav\u00e9e de se d\u00e9passer. Victor, ancien prodige bris\u00e9 par un accident, s\u2019y pr\u00e9sente comme coach. Sa r\u00e9putation de tyran le pr\u00e9c\u00e8de, tout comme son charisme sombre et insaisissable. Entre d\u00e9fi, [&hellip;]<\/p>\n","protected":false},"featured_media":40920,"comment_status":"open","ping_status":"closed","template":"","meta":[],"product_brand":[],"product_cat":[9882],"product_tag":[],"class_list":{"0":"post-40919","1":"product","2":"type-product","3":"status-publish","4":"has-post-thumbnail","6":"product_cat-new-romance","7":"pa_tropes-age-gap","8":"pa_tropes-m-m","9":"pa_tropes-slow-burn","10":"pa_tropes-sports-romance","12":"first","13":"onbackorder","14":"taxable","15":"shipping-taxable","16":"purchasable","17":"product-type-simple"},"_links":{"self":[{"href":"https:\/\/livres-alie.fr\/Boutique\/wp-json\/wp\/v2\/product\/40919","targetHints":{"allow":["GET"]}}],"collection":[{"href":"https:\/\/livres-alie.fr\/Boutique\/wp-json\/wp\/v2\/product"}],"about":[{"href":"https:\/\/livres-alie.fr\/Boutique\/wp-json\/wp\/v2\/types\/product"}],"replies":[{"embeddable":true,"href":"https:\/\/livres-alie.fr\/Boutique\/wp-json\/wp\/v2\/comments?post=40919"}],"wp:featuredmedia":[{"embeddable":true,"href":"https:\/\/livres-alie.fr\/Boutique\/wp-json\/wp\/v2\/media\/40920"}],"wp:attachment":[{"href":"https:\/\/livres-alie.fr\/Boutique\/wp-json\/wp\/v2\/media?parent=40919"}],"wp:term":[{"taxonomy":"product_brand","embeddable":true,"href":"https:\/\/livres-alie.fr\/Boutique\/wp-json\/wp\/v2\/product_brand?post=40919"},{"taxonomy":"product_cat","embeddable":true,"href":"https:\/\/livres-alie.fr\/Boutique\/wp-json\/wp\/v2\/product_cat?post=40919"},{"taxonomy":"product_tag","embeddable":true,"href":"https:\/\/livres-alie.fr\/Boutique\/wp-json\/wp\/v2\/product_tag?post=40919"}],"curies":[{"name":"wp","href":"https:\/\/api.w.org\/{rel}","templated":true}]}}