{"id":1127,"date":"2025-08-22T17:40:51","date_gmt":"2025-08-22T15:40:51","guid":{"rendered":"https:\/\/livres-alie.fr\/Boutique\/affiliate-home\/"},"modified":"2025-08-22T17:40:51","modified_gmt":"2025-08-22T15:40:51","slug":"affiliate-home","status":"publish","type":"page","link":"https:\/\/livres-alie.fr\/Boutique\/affiliate-home\/","title":{"rendered":"Store Affiliates"},"content":{"rendered":"<p>Ceci est la section affili\u00e9s de ce magasin. Si vous \u00eates d\u00e9j\u00e0 affili\u00e9, veuillez <a href=\"https:\/\/livres-alie.fr\/Boutique\/affiliate-home\/affiliate-login\/\">vous connecter<\/a> pour acc\u00e9der \u00e0 votre panneau de configuration.<\/p>\n<p>If you are not an affiliate, but wish to become one, you will need to apply. To apply, you must be a registered user on this blog. If you have an existing account on this blog, please <a href=\"https:\/\/livres-alie.fr\/Boutique\/affiliate-home\/affiliate-login\/\">log in<\/a>. If not, please <a href=\"https:\/\/livres-alie.fr\/Boutique\/affiliate-home\/affiliate-register\/\">register<\/a>.<\/p>\n\n\n    <div class=\"xs_social_share_widget xs_share_url after_content \t\tmain_content  wslu-style-1 wslu-share-box-shaped wslu-fill-colored wslu-none wslu-share-horizontal wslu-theme-font-no wslu-main_content\">\n\n\t\t\n        <ul>\n\t\t\t        <\/ul>\n    <\/div> \n","protected":false},"excerpt":{"rendered":"","protected":false},"author":1,"featured_media":0,"parent":0,"menu_order":0,"comment_status":"closed","ping_status":"closed","template":"","meta":{"footnotes":""},"class_list":["post-1127","page","type-page","status-publish","hentry"],"_links":{"self":[{"href":"https:\/\/livres-alie.fr\/Boutique\/wp-json\/wp\/v2\/pages\/1127","targetHints":{"allow":["GET"]}}],"collection":[{"href":"https:\/\/livres-alie.fr\/Boutique\/wp-json\/wp\/v2\/pages"}],"about":[{"href":"https:\/\/livres-alie.fr\/Boutique\/wp-json\/wp\/v2\/types\/page"}],"author":[{"embeddable":true,"href":"https:\/\/livres-alie.fr\/Boutique\/wp-json\/wp\/v2\/users\/1"}],"replies":[{"embeddable":true,"href":"https:\/\/livres-alie.fr\/Boutique\/wp-json\/wp\/v2\/comments?post=1127"}],"version-history":[{"count":0,"href":"https:\/\/livres-alie.fr\/Boutique\/wp-json\/wp\/v2\/pages\/1127\/revisions"}],"wp:attachment":[{"href":"https:\/\/livres-alie.fr\/Boutique\/wp-json\/wp\/v2\/media?parent=1127"}],"curies":[{"name":"wp","href":"https:\/\/api.w.org\/{rel}","templated":true}]}}